ime factors of 424645.
5, 13, 47, 139
List the prime factors of 2094943168.
2, 827, 39581
List the prime factors of 61626529.
109, 565381
What are the prime factors of 293862746?
2, 146931373
List the prime factors of 5329578255.
3, 5, 355305217
List the prime factors of 70662026.
2, 19, 23, 80849
What are the prime factors of 56027701?
23, 127, 19181
What are the prime factors of 39322694?
2, 31, 634237
What are the prime factors of 249255643?
7, 13, 37, 181, 409
What are the prime factors of 128705940?
2, 3, 5, 11, 65003
What are the prime factors of 397088862?
2, 3, 367, 180331
What are the prime factors of 224128495?
5, 44825699
List the prime factors of 2266158631.
11, 2503, 82307
List the prime factors of 716220917.
29, 1103, 22391
List the prime factors of 4169244584.
2, 521155573
What are the prime factors of 80936946?
2, 3, 4496497
List the prime factors of 34046029.
29, 31, 37871
What are the prime factors of 104440400?
2, 5, 261101
List the prime factors of 178359380.
2, 5, 1889, 4721
List the prime factors of 69038674.
2, 31, 1113527
What are the prime factors of 102431284?
2, 41, 283, 2207
List the prime factors of 6228052915.
5, 7, 177944369
List the prime factors of 152273318.
2, 17, 263, 17029
What are the prime factors of 37076866?
2, 19, 89, 577
What are the prime factors of 3872366?
2, 1936183
What are the prime factors of 5134729791?
3, 487, 1019, 3449
List the prime factors of 347830842.
2, 3, 59, 982573
List the prime factors of 56801291.
56801291
List the prime factors of 1145843697.
3, 19, 73, 383, 719
List the prime factors of 299657664.
2, 3, 19, 9127
What are the prime factors of 501213696?
2, 3, 151, 2161
What are the prime factors of 669014636?
2, 167253659
What are the prime factors of 2314338713?
257, 503, 17903
What are the prime factors of 25373133?
3, 61, 113, 409
List the prime factors of 59340396.
2, 3, 4945033
What are the prime factors of 32106926?
2, 16053463
List the prime factors of 5193569900.
2, 5, 51935699
List the prime factors of 1592253602.
2, 947, 840683
What are the prime factors of 171263089?
109, 1571221
What are the prime factors of 526220004?
2, 3, 2731, 16057
List the prime factors of 1774705975.
5, 7, 499, 20323
List the prime factors of 120321770.
2, 5, 89, 135193
List the prime factors of 6429842.
2, 17, 281, 673
What are the prime factors of 1516357882?
2, 13, 58321457
What are the prime factors of 5598399189?
3, 1866133063
List the prime factors of 19490193.
3, 721859
List the prime factors of 138828684.
2, 3, 29, 398933
List the prime factors of 28526950.
2, 5, 570539
List the prime factors of 198024706.
2, 11, 2269, 3967
What are the prime factors of 147332246?
2, 73666123
What are the prime factors of 1752497276?
2, 41, 73, 146383
List the prime factors of 1411828885.
5, 282365777
List the prime factors of 288669475.
5, 11546779
What are the prime factors of 98172170?
2, 5, 9817217
List the prime factors of 221403836.
2, 487, 113657
What are the prime factors of 25955589?
3, 11, 71503
What are the prime factors of 309064739?
137, 2255947
List the prime factors of 168633849.
3, 56211283
List the prime factors of 1389851882.
2, 21059, 32999
What are the prime factors of 37868106?
2, 3, 6311351
What are the prime factors of 2871995629?
1231, 2333059
What are the prime factors of 1268772621?
3, 23, 251, 73259
List the prime factors of 219272965.
5, 43854593
List the prime factors of 55951046.
2, 17, 113, 14563
What are the prime factors of 200126451?
3, 7, 37, 181, 1423
List the prime factors of 738166554.
2, 3, 17, 23, 34961
What are the prime factors of 206373280?
2, 5, 29, 79, 563
List the prime factors of 35932255.
5, 31, 231821
What are the prime factors of 201862373?
201862373
List the prime factors of 183825922.
2, 7, 1171, 11213
List the prime factors of 158701882.
2, 1429, 55529
List the prime factors of 115699647.
3, 7, 29, 189983
List the prime factors of 866003443.
17, 50941379
List the prime factors of 72355845.
3, 5, 4823723
What are the prime factors of 8811671463?
3, 7, 8263, 16927
List the prime factors of 196478359.
7, 11, 449, 5683
List the prime factors of 60014159.
47, 1276897
List the prime factors of 419912677.
4337, 96821
List the prime factors of 3980663087.
373, 10672019
List the prime factors of 203240379.
3, 139, 487387
What are the prime factors of 132006268?
2, 47, 271, 2591
List the prime factors of 37090446.
2, 3, 31, 199411
What are the prime factors of 528290711?
13, 40637747
List the prime factors of 275575034.
2, 7, 181, 108751
What are the prime factors of 290257751?
7, 41465393
List the prime factors of 155893039.
1783, 87433
What are the prime factors of 1083010103?
7, 22102247
List the prime factors of 190661595.
3, 5, 12710773
What are the prime factors of 43937595?
3, 5, 13, 19, 59, 67
List the prime factors of 34622463.
3, 193, 59797
What are the prime factors of 231972862?
2, 11, 19, 554959
What are the prime factors of 210796051?
19, 11094529
List the prime factors of 6336599515.
5, 3733, 339491
List the prime factors of 927657633.
3, 7, 44174173
List the prime factors of 108387978.
2, 3, 18064663
List the prime factors of 214224765.
3, 5, 14281651
What are the prime factors of 29921042?
2, 173, 86477
List the prime factors of 2405031223.
7, 4831, 71119
What are the prime factors of 3534386?
2, 229, 7717
List the prime factors of 32178070.
2, 5, 3217807
What are the prime factors of 62742631?
7, 17, 29, 18181
List the prime factors of 1294726321.
7, 73, 269, 9419
What are the prime factors of 225944730?
2, 3, 5, 11, 241, 947
What are the prime factors of 1392179975?
5, 55687199
What are the prime factors of 3292496084?
2, 293, 2809297
What are the prime factors of 472815044?
2, 13, 337, 26981
What are the prime factors of 612269401?
612269401
List the prime factors of 6595702164.
2, 3, 183213949
List the prime factors of 109999750.
2, 5, 7, 239, 263
List the prime factors of 1182840602.
2, 591420301
What are the prime factors of 161930934?
2, 3, 11, 131, 2081
What are the prime factors of 211409197?
7001, 30197
What are the prime factors of 68749923?
3, 11, 19, 29, 199
List the prime factors of 6419028370.
2, 5, 23, 27908819
What are the prime factors of 3579483637?
17, 37, 5690753
List the prime factors of 431686628.
2, 67, 1610771
What are the prime factors of 818705169?
3, 859, 105899
List the prime factors of 1086887413.
193, 5631541
What are the prime factors of 2236552615?
5, 11, 40664593
List the prime factors of 120958568.
2, 199, 75979
List the prime factors of 360057239.
19, 18950381
List the prime factors of 34053639.
3, 23, 493531
List the prime factors of 64986111.
3, 79, 30467
What are the prime factors of 126533920?
2, 5, 19, 107, 389
List the prime factors of 788314545.
3, 5, 5839367
What are the prime factors of 171808591?
171808591
What are the prime factors of 559855830?
2, 3, 5, 18661861
What are the prime factors of 1051012375?
5, 7, 31, 38747
List the prime factors of 241188071.
19, 668111
What are the prime factors of 1226617202?
2, 613308601
What are the prime factors of 55357125?
3, 5, 43, 3433
What are the prime factors of 1185013456?
2, 11, 67, 100493
List the prime factors of 4849164.
2, 3, 134699
List the prime factors of 354615519.
3, 41, 379, 7607
What are the prime factors of 2831352661?
2831352661
List the prime factors of 42834330.
2, 3, 5, 7, 11, 883
List the prime factors of 3160509803.
11, 1619, 177467
What are the prime factors of 27166467?
3, 571, 15859
List the prime factors of 1940118663.
3, 7, 31, 631, 4723
List the prime factors of 21928084.
2, 139, 39439
List the prime factors of 1079579808.
2, 3, 3748541
List the prime factors of 221217455.
5, 44243491
List the prime factors of 505577758.
2, 7, 36112697
What are the prime factors of 87440363?
487, 179549
What are the prime factors of 271039113?
3, 2053, 14669
What are the prime factors of 32063428?
2, 17, 471521
What are the prime factors of 29284021?
13, 71, 31727
What are the prime factors of 27263788?
2, 613, 11119
What are the prime factors of 228647030?
2, 5, 4049, 5647
What are the prime factors of 55843417?
7, 71, 112361
List the prime factors of 186394012.
2, 7, 37, 179917
What are the prime factors of 3864979582?
2, 19, 29, 3507241
Wh